+ u**2/2 - u. Let c(y) be the first derivative of 3*y**2/2 - 2*y - 23. Let x be c(0). Calculate s(x).
3
Let m = -7 + 5. Let o be m/7 - (-30)/7. Let j(a) = -a**2 + 5. Let p(t) = -t**2 - 6*t + 11. Let b(x) = 2*j(x) - p(x). Calculate b(o).
7
Let j(p) = p**2 - 2*p. Let b be j(4). Suppose -3*u + u = -f + b, 3*u - 4*f + 22 = 0. Let o(t) = 7 + 3*t - 6 - 2*t - t**3 + 2*t**3. Give o(u).
-9
Let n(b) = -b**3 + 9*b**2 + 2*b - 16. Let l be n(9). Let q(k) = 4*k - 3*k**3 + 4*k**2 - 3 - l + 2*k**3. Let i(w) = w + 1. Let r be i(3). What is q(r)?
11
Let u(j) = -j**3 + 10*j**2 + 10*j + 16. Let m be 9/27 - (-32)/3. Let f be u(m). Let g(t) be the third derivative of -t**4/24 + t**3/3 - t**2. Calculate g(f).
-3
Suppose -3*j = -0*j. Let i be 48/10 + 11/55. Let y(u) = -2*u - 5. Let q(s) = s + 3. Let f(x) = i*q(x) + 3*y(x). Give f(j).
0
Let g(v) = 3*v**2 + 14*v. Suppose 42*b = -100 - 110. What is g(b)?
5
Let u(q) = -q**3 + 5*q**2 + 5*q + 2. Let i(g) = -g. Let l be i(-2). Suppose n + 2*n - 5*x + 12 = 0, 7 = -2*n + 3*x. Let h be l + (n - 3) + 6. Give u(h).
-4
Let j(l) = -3 - l**2 - 2*l - 4*l + 9 + 0*l**2. Let n = -18 + 12. Determine j(n).
6
Let b(l) be the third derivative of -l**6/120 + l**5/15 + l**4/8 + l**3/2 - 26*l**2. What is b(4)?
15
Let y(a) = -a - 1. Let n = 5 - 4. Let p be (2/(-3) + n)*-9. Let b be y(p). Let v(c) = -2*c**2 + c + 2. What is v(b)?
-4
Suppose 3*y = -2*n - 83, 9*n + 5 = 4*n. Let v = y + 33. Let b(m) = m - 10. Calculate b(v).
-4
Let q(o) = -o**3 - 2*o**2 + 2*o. Let i be q(-3). Suppose -3*u - 2 = i*v - 5, 4*u + v - 7 = 0. Let a = u - 2. Let t(h) = h**3 + h**2 - h + 3. What is t(a)?
3
Let w(y) = -y**3 - 15*y**2 - 2. Let z be w(-15). Let b be (1*16/2)/z. Let n(v) = -v**2 - v - 4. Determine n(b).
-16
Let s = -78 - -81. Let m(p) = -s*p**3 + 2*p - p - 7*p**2 + 8*p**2 - 1. Give m(1).
-2
Let i(x) = x - 2. Suppose 2*h - 24 = -2*h. Let d = h - 18. Let v = -8 - d. Give i(v).
2
Suppose 0*r - 8 = -2*r. Let d = r - 6. Let n be ((-3)/(-6))/(1/d). Let g(k) = -5*k**3 + 2*k + 1. Give g(n).
4
Let t(s) = s + 4. Let w be 1 + 4 + 2 + -4. Let i be (-28)/(-6) + w/9. What is t(i)?
9
Let w(u) = 0 + u + 2*u + 6 + 5*u**2 + u**3. Let s(h) = -90*h - 184. Let b be s(-2). Give w(b).
10
Let f be -4 - 2 - 8/((-12)/(-3)). Let q(m) be the second derivative of -m**5/20 - 2*m**4/3 + m**3/3 + 5*m**2 + 10*m. Determine q(f).
-6
Let f(y) be the first derivative of y**3/3 - 3*y**2/2 - 3*y + 163. Calculate f(6).
15
Let r(b) = -2*b + 3. Let a(c) = -5*c**3 + 6*c**2 - c + 1 + 6*c**3 + 7*c. Let s be a(-4). What is r(s)?
-15
Let a(t) be the third derivative of t**4/12 - 3*t**2 + 4. Calculate a(-2).
-4
Let b(g) be the first derivative of g**2 - 23*g - 19. Let v be b(10). Let f(t) be the second derivative of t**4/12 + t**3 - t**2 - t. Determine f(v).
-11
Let f(z) be the third derivative of -z**2 + 0*z + 0 + 1/24*z**4 + 2/3*z**3. Calculate f(-4).
0
Let j(s) be the second derivative of s**4/12 - 7*s**3/6 + 3*s**2/2 + 7*s. Let m be j(7). Let z(p) = 0*p**3 - 3 + p**3 + 0 + m*p - 5*p**2 + 2*p. Give z(3).
-6
Let h(z) = z**3 + 5*z**2 - 35*z + 2. Let t be h(4). Let l(j) = 3*j**2 - 13*j - 8. Give l(t).
22
Let j(z) = -3*z + 0*z - 134 - 2*z + 152 + 2*z. Give j(5).
3
Let p(i) = 3*i + i - 3*i. Suppose 20 = 11*v - 7*v. Let g(x) = -x + 4. Let k be g(v). Give p(k).
-1
Let b(u) = -u - 2 - 2*u**2 + 3*u + 7 + 11*u + 14. Determine b(8).
-5
Suppose 35 = 20*w - 25. Let a(d) be the third derivative of 4*d**2 + 1/8*d**4 + 0*d + 1/2*d**w + 0. What is a(-2)?
-3
Let s(d) = -7*d**3 + 8*d**2 - 10. Let o(q) be the third derivative of -q**6/20 + 2*q**5/15 - 3*q**3/2 + 10*q**2. Let f(a) = -6*o(a) + 5*s(a). Calculate f(8).
4
Let o(p) = 6 - 4*p + 0 + p**3 - 9 - 4*p**2 + 7. Let n(t) = t + 1. Let k be n(4). Give o(k).
9
Let c = 10 + -16. Let d(z) = 13*z + 17. Let r(h) = -3*h - 4. Let a be -2 + 6 - (4 - 2). Let q(p) = a*d(p) + 9*r(p). Calculate q(c).
4
Let r(d) = d**2 - 1. Let c = -21 + 22. Let j(g) = -5. Let l(x) = c*j(x) - 4*r(x). Determine l(1).
-5
Let s = 0 - -42. Suppose -s = n - 41. Let i(t) = 6*t**2 - t - 1. Calculate i(n).
6
Let w(c) = -4*c - 2. Let k be (-42)/(-28) - 26/4. Determine w(k).
18
Let u = 852 + -852. Let m(s) be the third derivative of 0 + 1/4*s**4 + u*s - 7/6*s**3 + 6*s**2 + 1/60*s**5. Determine m(-7).
0
Let a(o) = -2*o**2 - 2*o. Let n = -25 + 9. Let l(d) = -8*d + 34. Let y be l(6). Let c = n - y. Determine a(c).
-4
Let b = 5 - 3. Let l(x) = x**2 + 4 + 4 - 16 - 2*x**2 + 4*x + 5. Let d(t) = -2*t**2 + 3*t - 3. Let o(i) = b*d(i) - 3*l(i). Calculate o(-6).
3
Let w(v) = 2*v + 2. Let h be 25/15 + -2 + 26/6. Suppose -q - h*q - 2*t = 28, 4*t + 20 = -q. Calculate w(q).
-6
Let k(d) be the third derivative of -8*d**2 + 1/6*d**3 + 0 + 0*d + 1/6*d**4. Calculate k(1).
5
Let z(n) = -2*n**2 + 3*n + 3. Suppose 2 = 2*v - 0*v + 2*u, -u + 25 = 5*v. Suppose 12 - v = 2*i. Give z(i).
-6
Suppose -2*u - 2*i + 10 = 0, 4*i = 2*u + 4 - 2. Suppose 1 = 26*x + 1. Suppose -u*f - 2*f + 5 = x. Let l(q) = -5*q**3 + 2*q**2 - q. Give l(f).
-4
Let d = 2 + 0. Let t = -1 + d. Let o = 3 + t. Let i(q) = 3*q - 4. Determine i(o).
8
Let t(c) = c**3 + 4*c**2 - c - 3. Let y = 9 - 10. Let j be y*4*-1 - -1. Suppose -j = 2*g + 3. Give t(g).
1
Let a(m) be the second derivative of 2/3*m**3 - 4*m + 0 - 3/2*m**2. Let z(l) = -4*l + 3. Let x(u) = -4*a(u) - 5*z(u). Calculate x(2).
5
Suppose -17 = -2*x - 4*i - 41, -i = -4*x - 21. Let p(a) = -3*a - 20. What is p(x)?
-2
Let l(q) = q + 1. Let m be l(4). Let h(x) = -x - 1. Let r(f) be the third derivative of 5*f**4/24 + 5*f**3/3 - 22*f**2. Let k(i) = 4*h(i) + r(i). What is k(m)?
11
Let m(s) = -s + 2 - 2 - 1. Suppose -5*k = -3*k + 9*u + 39, 21 = -4*k + u. Give m(k).
5
Let x(p) = -2 - 10190*p + 0 + 10191*p. What is x(-14)?
-16
Let s(c) = -c**2 + 21*c - 74. Let y be s(5). Let d(z) = -z**2 + 3*z + 3. What is d(y)?
-15
Let p(c) = -2*c**2 + 17 + 16 - 35 - 3*c**2 + 5*c. Determine p(3).
-32
Let l = 2 + -1. Let i(o) = 3*o - o**3 + o**2 - l + 2*o**2 + 0*o**2. Let j(f) = -23*f**2 - 76*f - 19. Let g be j(-3). What is i(g)?
9
Let g(u) = -u**2 + u. Let z(r) = 3*r**2 - 6*r - 1. Let a(l) = -2*g(l) - z(l). Suppose 6 = w + 2. Let y be (4 - 3)*w + 1. Give a(y).
-4
Let t(d) = -886 + 448 - 8*d + 440. Give t(5).
-38
Let k(p) = 8 - 5*p**2 - 6*p - 2*p + 4*p**3 - 3*p**3. Let o(f) = -348*f + 1746. Let c be o(5). What is k(c)?
-4
Let w(b) = 3*b + 7*b - 2 - 2*b - 5*b + b**2. What is w(0)?
-2
Let a(w) be the first derivative of -w**3/3 - 5*w**2/2 + 14*w - 37. Determine a(-8).
-10
Let d(q) be the first derivative of q**2/2 + 4*q - 2. Let m be (10/25)/(1/10). Let r be -3 - ((-24)/m)/2. What is d(r)?
4
Let k(y) be the third derivative of y**5/60 + y**4/8 - 2*y**3/3 - 11*y**2. Suppose -18 = 47*t - 41*t. What is k(t)?
-4
Suppose 0 = 5*b - 4*l + 10 + 18, -2*l = b. Let a(k) be the second derivative of 2 - 39*k - 1/2*k**3 - 3*k**2. What is a(b)?
6
Let d(q) = 11*q + 8 + 17 - q**2 - 17 - 6*q - 7*q. Determine d(2).
0
Let c(o) = -o**3 + 12*o**2 - 16*o - 17. Let k(r) = 3*r. Let v(m) = c(m) + 2*k(m). What is v(11)?
-6
Let p = 3 + 4. Suppose -3 = -3*s + c, -s + 2*c - 6 = -2. Let k(f) = -4*f**2 + 7*f + 10*f**2 - 6 - p*f**s. Calculate k(5).
4
Let l(o) = -5*o + 2. Let x(t) = -2*t - 1. Let f(q) = -l(q) + 3*x(q). Calculate f(-9).
4
Let s(p) = p**3 + p**2 + 4*p. Let j(t) = -3*t**3 + 23*t**2 - 29*t - 9. Let v be j(6). Calculate s(v).
-30
Let r(d) be the third derivative of -d**5/60 + 7*d**4/12 - d**3/6 - 48*d**2. Determine r(13).
12
Suppose 5*f = 2*s + 4, 9*f - 5*f + 7 = 5*s. Let l(q) = 4*q - 7*q + 7*q + 8 - s*q. Give l(-4).
4
Let y(s) = -s**3 + s + 25. Let c be y(0). Let a(k) = -26*k + 4 + c*k - 1 + 3. Calculate a(11).
-5
Let t be ((-28)/(-16))/((-14)/(-56)). Let f(r) = r**3 - 6*r**2 - 4*r - 2. Determine f(t).
19
Let d(g) = -g**3 - 6*g**2 + g + 7. Let q be d(-6). Let h be (-9)/(-27)*3/q. Let z(c) = -6 + 2*c + 1 + h + 2. Calculate z(6).
10
Let p(l) = 4*l**3 - 2*l**2 - 7*l + 1. Let h(r) = -3*r**3 + 2*r**2 + 6*r. Let i(y) = 3*h(y) + 2*p(y). Suppose 14 - 74 = -15*q. Determine i(q).
-14
Let h(a) = -2*a**2 - 4*a + 7. Let n(d) = d**2 - d - 1. Let j(w) = h(w) + n(w). Let t(m) = -2*m + 5. Let q = 24 - 19. Let l be t(q). What is j(l)?
6
Let i(v) be the third derivative of v**4/24 + v**3/6 - 20*v**2. Let d(y) = 6*y**2 + y - 1. Suppose 3*b - 1 - 2 = 0. Let r be d(b). Give i(r).
7
